{"id":1361,"date":"2017-07-25T02:13:17","date_gmt":"2017-07-25T06:13:17","guid":{"rendered":"http:\/\/localhost\/terram\/nomascarbon\/\/?page_id=1361"},"modified":"2019-11-13T16:02:29","modified_gmt":"2019-11-13T15:02:29","slug":"que-son","status":"publish","type":"page","link":"https:\/\/www.terram.cl\/carbon\/zonas-de-sacrificio\/que-son\/","title":{"rendered":"\u00bfQu\u00e9 Son?"},"content":{"rendered":"<h2><strong>Conceptos Clave<\/strong><\/h2>\n<h3><strong>Zona de Sacrificio<\/strong><\/h3>\n<p>Concepto acu\u00f1ado por la Agencia de Protecci\u00f3n Ambiental de Estados Unidos (EPA). Son sectores geogr\u00e1ficos de alta concentraci\u00f3n industrial, en los que se ha priorizado el establecimiento de polos industriales por sobre el bienestar de las personas y el ambiente. Son mayormente lugares de bajos ingresos, en los cuales se han instalado industrias, declarando intenciones de desarrollo, adem\u00e1s de mejoras en las condiciones de trabajo y vida para sus habitantes. Sin embargo, sus habitantes alegan que la contaminaci\u00f3n ha degradado su salud y bienestar, adem\u00e1s de deteriorar ecosistemas marinos y terrestres necesarios para el desarrollo econ\u00f3mico local.<\/p>\n<h3><strong>Justicia Ambiental<\/strong><\/h3>\n<p>El da\u00f1o ambiental est\u00e1 estrictamente relacionado a nuestro sistema de producci\u00f3n y nuestra forma de vida. Con respecto al desarrollo econ\u00f3mico y la amortiguaci\u00f3n de su impacto comienzan las primeras regulaciones, sin embargo la tarea de la descontaminaci\u00f3n o de disminuci\u00f3n del impacto ambiental es vista como un \u201clujo\u201d por aquellos pa\u00edses que se encuentran en v\u00edas de desarrollo. Se busca mostrar una contradicci\u00f3n entre econom\u00eda y ecolog\u00eda como constitutiva de un determinado desarrollo social, es decir, que el sistema econ\u00f3mico actual genera da\u00f1os ecol\u00f3gicos debido a su l\u00f3gica estructural, la cual produce desigualdad en variados aspectos.<\/p>\n<h3><strong>Conflicto territorial<\/strong><\/h3>\n<p>Se produce cuando se tensiona la estabilidad hist\u00f3rica conseguida entre una comunidad y su h\u00e1bitat, como consecuencia de la acci\u00f3n de alg\u00fan agente externo que altera o pretende alterar las relaciones preexistentes entre una comunidad y su ambiente, o bien, a la inversa, cuando una comunidad decide modificar su vinculaci\u00f3n con el ambiente afectando los intereses de alguien m\u00e1s.<\/p>\n<h3><strong>Conflictos socio-ambiental<\/strong><\/h3>\n<p>Es un tipo particular de conflicto territorial en que se da un enfrentamiento entre diferentes actores portadores de intereses opuestos, o de distintas concepciones del mundo que se alinean alrededor de la prevenci\u00f3n, eliminaci\u00f3n o reparaci\u00f3n de un \u201cda\u00f1o ambiental\u201d esperable o en curso. El \u201cda\u00f1o ambiental\u201d, implica una multiplicidad de aspectos relacionado con degradaci\u00f3n de recursos, cambios en las formas de propiedad y acceso a \u00e9stos, cambio en el paisaje, cambio en el modo de producci\u00f3n, cambio en el modo de vida, migraciones, y no tan solo los problemas de contaminaci\u00f3n, de los cuales la econom\u00eda ambiental se hace cargo mediante de la Responsabilidad Social Empresarial (RSE) preferentemente, entendiendo la transformaci\u00f3n socio ambiental a trav\u00e9s del concepto de \u201cexternalidades\u201d.<\/p>\n","protected":false},"excerpt":{"rendered":"<p>Conceptos Clave Zona de Sacrificio Concepto acu\u00f1ado por la Agencia de Protecci\u00f3n Ambiental de Estados Unidos (EPA). Son sectores geogr\u00e1ficos de alta concentraci\u00f3n industrial, en los&#8230;<\/p>\n","protected":false},"author":14,"featured_media":125008,"parent":98,"menu_order":1,"comment_status":"closed","ping_status":"closed","template":"","meta":{"footnotes":"","_links_to":"","_links_to_target":""},"class_list":["post-1361","page","type-page","status-publish","has-post-thumbnail","hentry"],"_links":{"self":[{"href":"https:\/\/www.terram.cl\/carbon\/wp-json\/wp\/v2\/pages\/1361","targetHints":{"allow":["GET"]}}],"collection":[{"href":"https:\/\/www.terram.cl\/carbon\/wp-json\/wp\/v2\/pages"}],"about":[{"href":"https:\/\/www.terram.cl\/carbon\/wp-json\/wp\/v2\/types\/page"}],"author":[{"embeddable":true,"href":"https:\/\/www.terram.cl\/carbon\/wp-json\/wp\/v2\/users\/14"}],"replies":[{"embeddable":true,"href":"https:\/\/www.terram.cl\/carbon\/wp-json\/wp\/v2\/comments?post=1361"}],"version-history":[{"count":0,"href":"https:\/\/www.terram.cl\/carbon\/wp-json\/wp\/v2\/pages\/1361\/revisions"}],"up":[{"embeddable":true,"href":"https:\/\/www.terram.cl\/carbon\/wp-json\/wp\/v2\/pages\/98"}],"wp:featuredmedia":[{"embeddable":true,"href":"https:\/\/www.terram.cl\/carbon\/wp-json\/wp\/v2\/media\/125008"}],"wp:attachment":[{"href":"https:\/\/www.terram.cl\/carbon\/wp-json\/wp\/v2\/media?parent=1361"}],"curies":[{"name":"wp","href":"https:\/\/api.w.org\/{rel}","templated":true}]}}